[INFO] fetching crate ws-tool 0.7.5...
[INFO] checking ws-tool-0.7.5 against master#9610dfe5a9a731ced1ea4923ecbd0c57fe367898 for beta-170-4
[INFO] extracting crate ws-tool 0.7.5 into /workspace/builds/worker-1-tc1/source
[INFO] validating manifest of crates.io crate ws-tool 0.7.5 on toolchain 9610dfe5a9a731ced1ea4923ecbd0c57fe367898
[INFO] running `Command { std: CARGO_HOME="/workspace/cargo-home" RUSTUP_HOME="/workspace/rustup-home" "/workspace/cargo-home/bin/cargo" "+9610dfe5a9a731ced1ea4923ecbd0c57fe367898" "metadata" "--manifest-path" "Cargo.toml" "--no-deps", kill_on_drop: false }`
[INFO] removed /workspace/builds/worker-1-tc1/source/.cargo/config.toml
[INFO] started tweaking crates.io crate ws-tool 0.7.5
[INFO] finished tweaking crates.io crate ws-tool 0.7.5
[INFO] tweaked toml for crates.io crate ws-tool 0.7.5 written to /workspace/builds/worker-1-tc1/source/Cargo.toml
[INFO] crate crates.io crate ws-tool 0.7.5 already has a lockfile, it will not be regenerated
[INFO] running `Command { std: CARGO_HOME="/workspace/cargo-home" RUSTUP_HOME="/workspace/rustup-home" "/workspace/cargo-home/bin/cargo" "+9610dfe5a9a731ced1ea4923ecbd0c57fe367898" "fetch" "--manifest-path" "Cargo.toml", kill_on_drop: false }`
[INFO] [stderr]     Updating crates.io index
[INFO] [stderr]     Blocking waiting for file lock on package cache
[INFO] [stderr]  Downloading crates ...
[INFO] [stderr]   Downloaded hproxy v0.1.0
[INFO] [stderr]   Downloaded sproxy v0.1.0
[INFO] running `Command { std: "docker" "create" "-v" "/var/lib/crater-agent-workspace/builds/worker-1-tc1/target:/opt/rustwide/target:rw,Z" "-v" "/var/lib/crater-agent-workspace/builds/worker-1-tc1/source:/opt/rustwide/workdir:ro,Z" "-v" "/var/lib/crater-agent-workspace/cargo-home:/opt/rustwide/cargo-home:ro,Z" "-v" "/var/lib/crater-agent-workspace/rustup-home:/opt/rustwide/rustup-home:ro,Z" "-e" "SOURCE_DIR=/opt/rustwide/workdir" "-e" "CARGO_TARGET_DIR=/opt/rustwide/target" "-e" "CARGO_HOME=/opt/rustwide/cargo-home" "-e" "RUSTUP_HOME=/opt/rustwide/rustup-home" "-w" "/opt/rustwide/workdir" "-m" "1610612736" "--user" "0:0" "--network" "none" "ghcr.io/rust-lang/crates-build-env/linux@sha256:19e73879b68f455e41552ea35293514db52ea292d993f571636dbffedb77a1ee" "/opt/rustwide/cargo-home/bin/cargo" "+9610dfe5a9a731ced1ea4923ecbd0c57fe367898" "metadata" "--no-deps" "--format-version=1", kill_on_drop: false }`
[INFO] [stdout] df168f2cd651748b177e73cf4e499e9baac72e01e40f11ffe0e15e451088b899
[INFO] running `Command { std: "docker" "start" "-a" "df168f2cd651748b177e73cf4e499e9baac72e01e40f11ffe0e15e451088b899", kill_on_drop: false }`
[INFO] running `Command { std: "docker" "inspect" "df168f2cd651748b177e73cf4e499e9baac72e01e40f11ffe0e15e451088b899", kill_on_drop: false }`
[INFO] running `Command { std: "docker" "rm" "-f" "df168f2cd651748b177e73cf4e499e9baac72e01e40f11ffe0e15e451088b899", kill_on_drop: false }`
[INFO] [stdout] df168f2cd651748b177e73cf4e499e9baac72e01e40f11ffe0e15e451088b899
[INFO] running `Command { std: "docker" "create" "-v" "/var/lib/crater-agent-workspace/builds/worker-1-tc1/target:/opt/rustwide/target:rw,Z" "-v" "/var/lib/crater-agent-workspace/builds/worker-1-tc1/source:/opt/rustwide/workdir:ro,Z" "-v" "/var/lib/crater-agent-workspace/cargo-home:/opt/rustwide/cargo-home:ro,Z" "-v" "/var/lib/crater-agent-workspace/rustup-home:/opt/rustwide/rustup-home:ro,Z" "-e" "SOURCE_DIR=/opt/rustwide/workdir" "-e" "CARGO_TARGET_DIR=/opt/rustwide/target" "-e" "CARGO_INCREMENTAL=0" "-e" "RUST_BACKTRACE=full" "-e" "RUSTFLAGS=--cap-lints=forbid" "-e" "RUSTDOCFLAGS=--cap-lints=forbid" "-e" "CARGO_HOME=/opt/rustwide/cargo-home" "-e" "RUSTUP_HOME=/opt/rustwide/rustup-home" "-w" "/opt/rustwide/workdir" "-m" "1610612736" "--user" "0:0" "--network" "none" "ghcr.io/rust-lang/crates-build-env/linux@sha256:19e73879b68f455e41552ea35293514db52ea292d993f571636dbffedb77a1ee" "/opt/rustwide/cargo-home/bin/cargo" "+9610dfe5a9a731ced1ea4923ecbd0c57fe367898" "check" "--frozen" "--all" "--all-targets" "--message-format=json", kill_on_drop: false }`
[INFO] [stdout] 7c02b0ee0e4113864c09113180d8c5c4a8f3d90bc972d41eaa4eb6750a77370b
[INFO] running `Command { std: "docker" "start" "-a" "7c02b0ee0e4113864c09113180d8c5c4a8f3d90bc972d41eaa4eb6750a77370b", kill_on_drop: false }`
[INFO] [stderr]    Compiling proc-macro2 v1.0.51
[INFO] [stderr]    Compiling libc v0.2.139
[INFO] [stderr]    Compiling unicode-ident v1.0.7
[INFO] [stderr]    Compiling quote v1.0.23
[INFO] [stderr]    Compiling syn v1.0.109
[INFO] [stderr]    Compiling log v0.4.17
[INFO] [stderr]    Compiling generic-array v0.14.6
[INFO] [stderr]     Checking smallvec v1.10.0
[INFO] [stderr]    Compiling parking_lot_core v0.9.7
[INFO] [stderr]    Compiling lock_api v0.4.9
[INFO] [stderr]     Checking tracing-core v0.1.30
[INFO] [stderr]     Checking bytes v1.4.0
[INFO] [stderr]    Compiling serde_derive v1.0.152
[INFO] [stderr]    Compiling io-lifetimes v1.0.5
[INFO] [stderr]    Compiling tokio v1.26.0
[INFO] [stderr]    Compiling rustix v0.36.8
[INFO] [stderr]     Checking http v0.2.9
[INFO] [stderr]    Compiling serde v1.0.152
[INFO] [stderr]     Checking crypto-common v0.1.6
[INFO] [stderr]     Checking block-buffer v0.10.3
[INFO] [stderr]    Compiling thiserror v1.0.38
[INFO] [stderr]     Checking digest v0.10.6
[INFO] [stderr]     Checking linux-raw-sys v0.1.4
[INFO] [stderr]    Compiling proc-macro-error-attr v1.0.4
[INFO] [stderr]     Checking cpufeatures v0.2.5
[INFO] [stderr]     Checking unicode-bidi v0.3.10
[INFO] [stderr]     Checking sha1 v0.10.5
[INFO] [stderr]     Checking chrono v0.4.23
[INFO] [stderr]    Compiling serde_json v1.0.93
[INFO] [stderr]     Checking getrandom v0.2.8
[INFO] [stderr]     Checking rand_core v0.6.4
[INFO] [stderr]     Checking signal-hook-registry v1.4.1
[INFO] [stderr]     Checking rand_chacha v0.3.1
[INFO] [stderr]     Checking parking_lot v0.12.1
[INFO] [stderr]     Checking socket2 v0.4.9
[INFO] [stderr]     Checking num_cpus v1.15.0
[INFO] [stderr]     Checking mio v0.8.6
[INFO] [stderr]     Checking idna v0.3.0
[INFO] [stderr]     Checking rand v0.8.5
[INFO] [stderr]     Checking os_str_bytes v6.4.1
[INFO] [stderr]     Checking bytecount v0.6.3
[INFO] [stderr]     Checking overload v0.1.1
[INFO] [stderr]     Checking unicode-width v0.1.10
[INFO] [stderr]     Checking ring v0.16.20
[INFO] [stderr]     Checking nu-ansi-term v0.46.0
[INFO] [stderr]     Checking papergrid v0.7.1
[INFO] [stderr]     Checking clap_lex v0.3.2
[INFO] [stderr]     Checking yasna v0.4.0
[INFO] [stderr]     Checking url v2.3.1
[INFO] [stderr]     Checking sharded-slab v0.1.4
[INFO] [stderr]     Checking tracing-log v0.1.3
[INFO] [stderr]     Checking pem v1.1.1
[INFO] [stderr]     Checking thread_local v1.1.7
[INFO] [stderr]     Checking termcolor v1.2.0
[INFO] [stderr]     Checking base64 v0.20.0
[INFO] [stderr]     Checking hashbrown v0.12.3
[INFO] [stderr]     Checking simdutf8 v0.1.4
[INFO] [stderr]     Checking strsim v0.10.0
[INFO] [stderr]     Checking tracing-subscriber v0.3.16
[INFO] [stderr]     Checking is-terminal v0.4.4
[INFO] [stderr]     Checking rcgen v0.8.14
[INFO] [stderr]    Compiling proc-macro-error v1.0.4
[INFO] [stderr]    Compiling tracing-attributes v0.1.23
[INFO] [stderr]    Compiling thiserror-impl v1.0.38
[INFO] [stderr]    Compiling tokio-macros v1.8.2
[INFO] [stderr]    Compiling tabled_derive v0.5.0
[INFO] [stderr]    Compiling clap_derive v4.1.8
[INFO] [stderr]     Checking tabled v0.10.0
[INFO] [stderr]     Checking tungstenite v0.18.0
[INFO] [stderr]     Checking tracing v0.1.37
[INFO] [stderr]     Checking ws-tool v0.7.5 (/opt/rustwide/workdir)
[INFO] [stderr]     Checking clap v4.1.8
[INFO] [stderr]     Checking sproxy v0.1.0
[INFO] [stderr]     Checking hproxy v0.1.0
[INFO] [stderr]     Checking dashmap v5.4.0
[INFO] [stdout] error[E0432]: unresolved import `ws_tool::connector::wrap_tls`
[INFO] [stdout]  --> examples/x.rs:5:35
[INFO] [stdout]   |
[INFO] [stdout] 5 | use ws_tool::{codec::StringCodec, connector::wrap_tls, ClientBuilder};
[INFO] [stdout]   |                                   ^^^^^^^^^^^^^^^^^^^ no `wrap_tls` in `connector`
[INFO] [stdout] 
[INFO] [stdout] 
[INFO] [stdout] warning: unused imports: `dbg`, `net::TcpStream`
[INFO] [stdout]  --> examples/x.rs:1:11
[INFO] [stdout]   |
[INFO] [stdout] 1 | use std::{dbg, eprintln, net::TcpStream, println, process::exit};
[INFO] [stdout]   |           ^^^            ^^^^^^^^^^^^^^
[INFO] [stdout]   |
[INFO] [stdout]   = note: `#[warn(unused_imports)]` on by default
[INFO] [stdout] 
[INFO] [stdout] 
[INFO] [stdout] error[E0432]: unresolved imports `ws_tool::codec::DeflateCodec`, `ws_tool::codec::PMDConfig`, `ws_tool::codec::WindowBit`
[INFO] [stdout]  --> examples/deflate_client.rs:9:13
[INFO] [stdout]   |
[INFO] [stdout] 9 |     codec::{DeflateCodec, PMDConfig, WindowBit},
[INFO] [stdout]   |             ^^^^^^^^^^^^  ^^^^^^^^^  ^^^^^^^^^ no `WindowBit` in `codec`
[INFO] [stdout]   |             |             |
[INFO] [stdout]   |             |             no `PMDConfig` in `codec`
[INFO] [stdout]   |             no `DeflateCodec` in `codec`
[INFO] [stdout] 
[INFO] [stdout] 
[INFO] [stdout] error: aborting due to previous error; 1 warning emitted
[INFO] [stdout] 
[INFO] [stdout] 
[INFO] [stdout] For more information about this error, try `rustc --explain E0432`.
[INFO] [stdout] 
[INFO] [stdout] error[E0432]: unresolved import `ws_tool::codec::AsyncBytesCodec`
[INFO] [stdout]  --> examples/bench_async_server.rs:5:40
[INFO] [stdout]   |
[INFO] [stdout] 5 |     codec::{default_handshake_handler, AsyncBytesCodec, FrameConfig},
[INFO] [stdout]   |                                        ^^^^^^^^^^^^^^^
[INFO] [stdout]   |                                        |
[INFO] [stdout]   |                                        no `AsyncBytesCodec` in `codec`
[INFO] [stdout]   |                                        help: a similar name exists in the module: `BytesCodec`
[INFO] [stdout] 
[INFO] [stdout] 
[INFO] [stderr] error: could not compile `ws-tool` (example "x") due to 2 previous errors; 1 warning emitted
[INFO] [stderr] warning: build failed, waiting for other jobs to finish...
[INFO] [stdout] error[E0432]: unresolved imports `ws_tool::codec::DeflateCodec`, `ws_tool::codec::PMDConfig`, `ws_tool::codec::WindowBit`
[INFO] [stdout]   --> examples/load_test.rs:12:13
[INFO] [stdout]    |
[INFO] [stdout] 12 |     codec::{DeflateCodec, PMDConfig, WindowBit},
[INFO] [stdout]    |             ^^^^^^^^^^^^  ^^^^^^^^^  ^^^^^^^^^ no `WindowBit` in `codec`
[INFO] [stdout]    |             |             |
[INFO] [stdout]    |             |             no `PMDConfig` in `codec`
[INFO] [stdout]    |             no `DeflateCodec` in `codec`
[INFO] [stdout] 
[INFO] [stdout] 
[INFO] [stdout] error[E0432]: unresolved import `ws_tool::codec::AsyncStringCodec`
[INFO] [stdout]   --> examples/echo_async_server.rs:10:5
[INFO] [stdout]    |
[INFO] [stdout] 10 | use ws_tool::codec::AsyncStringCodec;
[INFO] [stdout]    |     ^^^^^^^^^^^^^^^^----------------
[INFO] [stdout]    |     |               |
[INFO] [stdout]    |     |               help: a similar name exists in the module: `StringCodec`
[INFO] [stdout]    |     no `AsyncStringCodec` in `codec`
[INFO] [stdout] 
[INFO] [stdout] 
[INFO] [stdout] error[E0433]: failed to resolve: use of undeclared crate or module `tokio_rustls`
[INFO] [stdout]  --> examples/echo_async_server.rs:7:5
[INFO] [stdout]   |
[INFO] [stdout] 7 | use tokio_rustls::rustls::{self, Certificate, PrivateKey};
[INFO] [stdout]   |     ^^^^^^^^^^^^ use of undeclared crate or module `tokio_rustls`
[INFO] [stdout] 
[INFO] [stdout] 
[INFO] [stdout] error[E0432]: unresolved import `tokio_rustls`
[INFO] [stdout]  --> examples/echo_async_server.rs:7:5
[INFO] [stdout]   |
[INFO] [stdout] 7 | use tokio_rustls::rustls::{self, Certificate, PrivateKey};
[INFO] [stdout]   |     ^^^^^^^^^^^^ use of undeclared crate or module `tokio_rustls`
[INFO] [stdout] 
[INFO] [stdout] 
[INFO] [stdout] error[E0432]: unresolved import `tokio_rustls`
[INFO] [stdout]  --> examples/echo_async_server.rs:8:5
[INFO] [stdout]   |
[INFO] [stdout] 8 | use tokio_rustls::TlsAcceptor;
[INFO] [stdout]   |     ^^^^^^^^^^^^ use of undeclared crate or module `tokio_rustls`
[INFO] [stdout] 
[INFO] [stdout] 
[INFO] [stdout] error[E0432]: unresolved imports `ws_tool::codec::deflate_handshake_handler`, `ws_tool::codec::DeflateCodec`
[INFO] [stdout]  --> examples/bench_deflate_server.rs:4:13
[INFO] [stdout]   |
[INFO] [stdout] 4 |     codec::{deflate_handshake_handler, DeflateCodec},
[INFO] [stdout]   |             ^^^^^^^^^^^^^^^^^^^^^^^^^  ^^^^^^^^^^^^ no `DeflateCodec` in `codec`
[INFO] [stdout]   |             |
[INFO] [stdout]   |             no `deflate_handshake_handler` in `codec`
[INFO] [stdout]   |             help: a similar name exists in the module: `default_handshake_handler`
[INFO] [stdout] 
[INFO] [stdout] 
[INFO] [stdout] error: aborting due to previous error
[INFO] [stdout] 
[INFO] [stdout] 
[INFO] [stdout] For more information about this error, try `rustc --explain E0432`.
[INFO] [stdout] 
[INFO] [stdout] error[E0432]: unresolved imports `ws_tool::codec::DeflateCodec`, `ws_tool::codec::PMDConfig`, `ws_tool::codec::WindowBit`
[INFO] [stdout]  --> examples/autobahn_deflate_client.rs:5:13
[INFO] [stdout]   |
[INFO] [stdout] 5 |     codec::{DeflateCodec, PMDConfig, StringCodec, WindowBit},
[INFO] [stdout]   |             ^^^^^^^^^^^^  ^^^^^^^^^               ^^^^^^^^^ no `WindowBit` in `codec`
[INFO] [stdout]   |             |             |
[INFO] [stdout]   |             |             no `PMDConfig` in `codec`
[INFO] [stdout]   |             no `DeflateCodec` in `codec`
[INFO] [stdout] 
[INFO] [stdout] 
[INFO] [stderr] error: could not compile `ws-tool` (example "deflate_client") due to 2 previous errors
[INFO] [stdout] error[E0433]: failed to resolve: use of undeclared crate or module `rustls_pemfile`
[INFO] [stdout]   --> examples/echo_async_server.rs:75:21
[INFO] [stdout]    |
[INFO] [stdout] 75 |         let certs = rustls_pemfile::certs(&mut reader)
[INFO] [stdout]    |                     ^^^^^^^^^^^^^^ use of undeclared crate or module `rustls_pemfile`
[INFO] [stdout] 
[INFO] [stdout] 
[INFO] [stdout] error[E0433]: failed to resolve: use of undeclared crate or module `rustls_pemfile`
[INFO] [stdout]   --> examples/echo_async_server.rs:82:24
[INFO] [stdout]    |
[INFO] [stdout] 82 |         let mut keys = rustls_pemfile::pkcs8_private_keys(&mut reader).unwrap();
[INFO] [stdout]    |                        ^^^^^^^^^^^^^^ use of undeclared crate or module `rustls_pemfile`
[INFO] [stdout] 
[INFO] [stdout] 
[INFO] [stdout] error: aborting due to previous error
[INFO] [stdout] 
[INFO] [stdout] 
[INFO] [stdout] For more information about this error, try `rustc --explain E0432`.
[INFO] [stdout] 
[INFO] [stdout] error[E0599]: no function or associated item named `async_accept` found for struct `ServerBuilder` in the current scope
[INFO] [stdout]   --> examples/bench_async_server.rs:46:53
[INFO] [stdout]    |
[INFO] [stdout] 46 |                     let mut server = ServerBuilder::async_accept(
[INFO] [stdout]    |                                                     ^^^^^^^^^^^^
[INFO] [stdout]    |                                                     |
[INFO] [stdout]    |                                                     function or associated item not found in `ServerBuilder`
[INFO] [stdout]    |                                                     help: there is an associated function with a similar name: `accept`
[INFO] [stdout] 
[INFO] [stdout] 
[INFO] [stderr] error: could not compile `ws-tool` (example "bench_deflate_server") due to 2 previous errors
[INFO] [stdout] error[E0599]: no function or associated item named `async_accept` found for struct `ServerBuilder` in the current scope
[INFO] [stdout]   --> examples/bench_async_server.rs:73:53
[INFO] [stdout]    |
[INFO] [stdout] 73 |                     let mut server = ServerBuilder::async_accept(
[INFO] [stdout]    |                                                     ^^^^^^^^^^^^
[INFO] [stdout]    |                                                     |
[INFO] [stdout]    |                                                     function or associated item not found in `ServerBuilder`
[INFO] [stdout]    |                                                     help: there is an associated function with a similar name: `accept`
[INFO] [stdout] 
[INFO] [stdout] 
[INFO] [stdout] error: aborting due to previous error
[INFO] [stdout] 
[INFO] [stdout] 
[INFO] [stdout] For more information about this error, try `rustc --explain E0432`.
[INFO] [stdout] 
[INFO] [stdout] error: aborting due to previous error
[INFO] [stdout] 
[INFO] [stdout] 
[INFO] [stdout] For more information about this error, try `rustc --explain E0432`.
[INFO] [stdout] 
[INFO] [stdout] error[E0599]: no function or associated item named `async_accept` found for struct `ServerBuilder` in the current scope
[INFO] [stdout]    --> examples/echo_async_server.rs:102:41
[INFO] [stdout]     |
[INFO] [stdout] 102 |         let mut server = ServerBuilder::async_accept(
[INFO] [stdout]     |                                         ^^^^^^^^^^^^
[INFO] [stdout]     |                                         |
[INFO] [stdout]     |                                         function or associated item not found in `ServerBuilder`
[INFO] [stdout]     |                                         help: there is an associated function with a similar name: `accept`
[INFO] [stdout] 
[INFO] [stdout] 
[INFO] [stdout] error: aborting due to 3 previous errors
[INFO] [stdout] 
[INFO] [stdout] 
[INFO] [stdout] Some errors have detailed explanations: E0432, E0599.
[INFO] [stdout] 
[INFO] [stdout] For more information about an error, try `rustc --explain E0432`.
[INFO] [stdout] 
[INFO] [stdout] error[E0599]: no function or associated item named `async_accept` found for struct `ServerBuilder` in the current scope
[INFO] [stdout]    --> examples/echo_async_server.rs:122:41
[INFO] [stdout]     |
[INFO] [stdout] 122 |         let mut server = ServerBuilder::async_accept(
[INFO] [stdout]     |                                         ^^^^^^^^^^^^
[INFO] [stdout]     |                                         |
[INFO] [stdout]     |                                         function or associated item not found in `ServerBuilder`
[INFO] [stdout]     |                                         help: there is an associated function with a similar name: `accept`
[INFO] [stdout] 
[INFO] [stdout] 
[INFO] [stderr] error: could not compile `ws-tool` (example "autobahn_deflate_client") due to 2 previous errors
[INFO] [stderr] error: could not compile `ws-tool` (example "load_test") due to 2 previous errors
[INFO] [stderr] error: could not compile `ws-tool` (example "bench_async_server") due to 4 previous errors
[INFO] [stdout] error: aborting due to 8 previous errors
[INFO] [stdout] 
[INFO] [stdout] 
[INFO] [stdout] Some errors have detailed explanations: E0432, E0433, E0599.
[INFO] [stdout] 
[INFO] [stdout] For more information about an error, try `rustc --explain E0432`.
[INFO] [stdout] 
[INFO] [stderr] error: could not compile `ws-tool` (example "echo_async_server") due to 9 previous errors
[INFO] running `Command { std: "docker" "inspect" "7c02b0ee0e4113864c09113180d8c5c4a8f3d90bc972d41eaa4eb6750a77370b", kill_on_drop: false }`
[INFO] running `Command { std: "docker" "rm" "-f" "7c02b0ee0e4113864c09113180d8c5c4a8f3d90bc972d41eaa4eb6750a77370b", kill_on_drop: false }`
[INFO] [stdout] 7c02b0ee0e4113864c09113180d8c5c4a8f3d90bc972d41eaa4eb6750a77370b
